{"id":620,"date":"2022-01-12T11:21:00","date_gmt":"2022-01-12T11:21:00","guid":{"rendered":"https:\/\/media-alalle.fi\/opiskelijoille\/?page_id=620"},"modified":"2022-01-25T09:32:29","modified_gmt":"2022-01-25T09:32:29","slug":"it-tuki","status":"publish","type":"page","link":"https:\/\/media-alalle.fi\/opiskelijoille\/apua-ja-ohjeita\/it-tuki\/","title":{"rendered":"IT-tuki"},"content":{"rendered":"\n<h4 class=\"wp-block-heading\"><strong>Helpdesk<\/strong><\/h4>\n\n\n\n<p>OSAOn IT-tuki palvelee arkisin 8-16 numerossa<strong> 040 141 5500<\/strong><\/p>\n\n\n\n<h4 class=\"wp-block-heading\"><br>IT-tukipyynt\u00f6 s\u00e4hk\u00f6postitse<\/h4>\n\n\n\n<p>Laita viesti\u00e4, kun kaipaat neuvoja tai haluat tehd\u00e4 vikailmoituksen.<br>OSAOn IT-tuen, Helpdeskin s\u00e4hk\u00f6postiosoite on&nbsp;<a href=\"mailto:helpdesk@osao.fi\">helpdesk@osao.fi<\/a><\/p>\n\n\n\n<p><\/p>\n\n\n\n<p><strong>Outlookin ja Teamsin k\u00e4ytt\u00f6\u00f6notto<\/strong><\/p>\n\n\n\n<figure class=\"wp-block-embed is-type-video is-provider-youtube wp-block-embed-youtube wp-embed-aspect-16-9 wp-has-aspect-ratio\"><div class=\"wp-block-embed__wrapper\">\n<div class=\"zak-oembed-container\"><iframe title=\"Outlook ja Teams  -ohje\" width=\"812\" height=\"457\" src=\"https:\/\/www.youtube.com\/embed\/gqOHC9Un-B8?feature=oembed\" frameborder=\"0\" allow=\"accelerometer; autoplay; clipboard-write; encrypted-media; gyroscope; picture-in-picture\" allowfullscreen><\/iframe><\/div>\n<\/div><\/figure>\n\n\n\n<p><\/p>\n","protected":false},"excerpt":{"rendered":"<p>Helpdesk OSAOn IT-tuki palvelee arkisin 8-16 numerossa 040 141 5500 IT-tukipyynt\u00f6 s\u00e4hk\u00f6postitse Laita viesti\u00e4, kun kaipaat neuvoja tai haluat tehd\u00e4 vikailmoituksen.OSAOn IT-tuen, Helpdeskin s\u00e4hk\u00f6postiosoite on&nbsp;helpdesk@osao.fi Outlookin ja Teamsin k\u00e4ytt\u00f6\u00f6notto<\/p>\n","protected":false},"author":2,"featured_media":0,"parent":585,"menu_order":0,"comment_status":"closed","ping_status":"closed","template":"","meta":{"zakra_page_container_layout":"customizer","zakra_page_sidebar_layout":"customizer","zakra_remove_content_margin":false,"zakra_sidebar":"customizer","zakra_transparent_header":"customizer","zakra_logo":0,"zakra_main_header_style":"default","zakra_menu_item_color":"","zakra_menu_item_hover_color":"","zakra_menu_item_active_color":"","zakra_menu_active_style":"","zakra_page_header":true,"footnotes":""},"class_list":["post-620","page","type-page","status-publish","hentry"],"rttpg_featured_image_url":null,"rttpg_author":{"display_name":"Eija Haaksiluoto","author_link":"https:\/\/media-alalle.fi\/opiskelijoille\/author\/enkku\/"},"rttpg_comment":0,"rttpg_category":null,"rttpg_excerpt":"Helpdesk OSAOn IT-tuki palvelee arkisin 8-16 numerossa 040 141 5500 IT-tukipyynt\u00f6 s\u00e4hk\u00f6postitse Laita viesti\u00e4, kun kaipaat neuvoja tai haluat tehd\u00e4 vikailmoituksen.OSAOn IT-tuen, Helpdeskin s\u00e4hk\u00f6postiosoite on&nbsp;helpdesk@osao.fi Outlookin ja Teamsin k\u00e4ytt\u00f6\u00f6notto","_links":{"self":[{"href":"https:\/\/media-alalle.fi\/opiskelijoille\/wp-json\/wp\/v2\/pages\/620","targetHints":{"allow":["GET"]}}],"collection":[{"href":"https:\/\/media-alalle.fi\/opiskelijoille\/wp-json\/wp\/v2\/pages"}],"about":[{"href":"https:\/\/media-alalle.fi\/opiskelijoille\/wp-json\/wp\/v2\/types\/page"}],"author":[{"embeddable":true,"href":"https:\/\/media-alalle.fi\/opiskelijoille\/wp-json\/wp\/v2\/users\/2"}],"replies":[{"embeddable":true,"href":"https:\/\/media-alalle.fi\/opiskelijoille\/wp-json\/wp\/v2\/comments?post=620"}],"version-history":[{"count":5,"href":"https:\/\/media-alalle.fi\/opiskelijoille\/wp-json\/wp\/v2\/pages\/620\/revisions"}],"predecessor-version":[{"id":696,"href":"https:\/\/media-alalle.fi\/opiskelijoille\/wp-json\/wp\/v2\/pages\/620\/revisions\/696"}],"up":[{"embeddable":true,"href":"https:\/\/media-alalle.fi\/opiskelijoille\/wp-json\/wp\/v2\/pages\/585"}],"wp:attachment":[{"href":"https:\/\/media-alalle.fi\/opiskelijoille\/wp-json\/wp\/v2\/media?parent=620"}],"curies":[{"name":"wp","href":"https:\/\/api.w.org\/{rel}","templated":true}]}}